 + 8. Let p = -137 - -130. Determine g(p).
-6
Let d(h) = 2*h + 2. Let i(b) = b**3 - 4*b**2 - 7*b + 4. Let z be i(5). Give d(z).
-10
Let u(j) = -j + 6. Let y be u(4). Let t(l) = -2 + 0*l**3 - 2 + 1 + l**y - 2*l**3 + 4*l. Calculate t(2).
-7
Suppose 0 = -0*b - b - 8. Suppose 6 = -t + 3. Let x(j) = 5*j**2 - 20*j - 2. Let s(f) = -2*f**2 + 7*f + 1. Let z(c) = b*s(c) + t*x(c). What is z(-5)?
3
Let q(o) = -o**3 - 6*o**2 - 6*o - 4. Suppose -3*b + 15 = 0, -k = -b - b + 15. What is q(k)?
1
Let d(c) be the first derivative of -c**4/4 - 2*c**3 + c**2 + 5*c - 2. Let z = -20 - -14. Determine d(z).
-7
Let h(j) = -1 + 5*j + 6*j - 10*j + 4*j + j**2. What is h(-5)?
-1
Let l(t) = -3*t**3 - 2*t + 1. Let w(c) = c**3 - 6*c - 6. Let h be w(-3). Let p be h/(-6)*2/5. Determine l(p).
-4
Let j = -3 - -1. Let v(a) = -4*a - 29. Let c(l) = l + 7. Suppose -16 + 70 = -6*p. Let b(z) = j*v(z) + p*c(z). Give b(-5).
0
Let a = -1 - -1. Let g(b) = -b + 10 - 5*b**3 + 2*b**3 + 4*b**3 - 4. Give g(a).
6
Let l be 12/(-3) - (-1 + 0)*-1. Let f(n) = -3*n - 2*n - n**2 + 7 + 2*n. What is f(l)?
-3
Let d(f) be the first derivative of 1 + 5/2*f**2 - 1/3*f**3 - 5*f. Suppose 0*h - 3*o = -3*h + 27, -4*h = 2*o - 6. What is d(h)?
-1
Let z(k) = -k**2 + 5*k - 1. Let s be (40/(-12))/(4/(-6)). Give z(s).
-1
Let t(h) be the third derivative of -h**5/30 + h**4/8 - h**3/2 - 61*h**2. What is t(2)?
-5
Suppose -2*v + 3*v = 3. Let g(p) = -3*p - p**3 - v - 59*p**2 - p + 55*p**2. Determine g(-2).
-3
Let j(o) = -o**3 - 2*o**2 - 3*o - 2. Let l be j(-1). Let a(h) be the second derivative of 1/6*h**3 + 3*h**2 + h + l. Give a(-4).
2
Let v(t) = -4*t - 40 + 36 - 4*t - t**2. Calculate v(-7).
3
Suppose -z + 6*z = 0. Let u(i) = z - 5 + i + 4. What is u(-3)?
-4
Let u be (-6)/14 + 66/7. Let q = u + -7. Let t(n) = -n**3 + 3*n**2 - 2*n - 2. Give t(q).
-2
Let u(t) = t**3 + 4*t**2 - 4*t. Let l(j) = j**2 - 7*j + 1. Suppose 17 = -4*q + 41. Let n be l(q). What is u(n)?
-5
Let b(k) be the first derivative of 4*k**3 - k**2/2 - k - 28. Determine b(-1).
12
Suppose 10*h + 0 = -0. Let n(a) = a + 7. What is n(h)?
7
Let z(h) be the second derivative of -h**4/12 - h**3/3 - h**2 - h. Let o(v) be the first derivative of z(v). Let p be 1/4 + ((-308)/(-16))/11. Give o(p).
-6
Let c(a) = -a**2 + 13*a + 20. Let k be c(14). Let i(x) = -x**2 + 6*x + 3. Calculate i(k).
3
Let y(p) = p**3 + 5*p**2 + 4*p + 5. Let s(b) be the third derivative of -b**6/120 + b**4/12 + 4*b**2. Let r be s(2). Calculate y(r).
5
Let o(v) = 2*v - 3 + 0*v - v**2 + 2. Let p(b) = b - 2. Let u be p(0). Let d be 3 + 1 - (u - -4). Calculate o(d).
-1
Let o(a) be the first derivative of -a**4/4 + 2*a**3/3 + 3*a**2/2 + 10. Determine o(-2).
10
Let j(y) = -6*y**3 - y - 1. Let r(o) = -o - 7. Let b be r(-6). Determine j(b).
6
Let y(h) be the first derivative of h**2/2 - 3*h - 21. What is y(10)?
7
Let s(g) = -g**2 - g + 1. Let t(j) = 3*j**2 + 9*j - 8. Let x(c) = -4*s(c) - t(c). Calculate x(5).
4
Let l = 16 - 14. Let o be (-2*l - -1) + -3. Let w(i) = -2*i - 3. What is w(o)?
9
Let i be 9/6*(-2)/(-3). Let s be 4*i/6*3. Suppose c - 3*f = 2, -2*c + f = c + s. Let j(w) = 4*w + 1. Determine j(c).
-3
Let c(l) = -3*l + 3 + 6*l - 3*l + l. Let h(k) = k**3 - 8*k**2 - k + 11. Let q = 4 - -4. Let z be h(q). What is c(z)?
6
Suppose -5*j - 3*b + 11 = -4, j - 3*b - 21 = 0. Let f(h) = 0 - 11 - 4*h + 6*h + 2. Calculate f(j).
3
Let u(k) = k**3 - 9*k**2 + 9*k + 5. Let p(z) = 6*z**2 - 3*z - 1. Let q be p(-1). Calculate u(q).
13
Let r(u) = -u**3 - 3*u**2 - 3*u - 3. Let i(v) = -v**3 - 6*v**2 - 2*v - 8. Let t be i(-6). Suppose -l - 2*l + 2*w = -2, 2*l - 2*w = t. Determine r(l).
-1
Let m(q) = 4*q**3 + 1. Let t(f) = -f**3 - 8*f**2 + f + 9. Suppose -2*c - 11 = 5. Let o be t(c). Determine m(o).
5
Let d(n) = n**2 - 17*n. Let k be d(17). Let g(c) be the third derivative of -1/24*c**4 + 1/120*c**6 - 1/60*c**5 + k + 0*c + c**2 - 2/3*c**3. Give g(0).
-4
Let v(j) = j**3 - 1. Let k(z) = 5*z**3 - z**2 + 9. Let s(u) = -k(u) + 6*v(u). Calculate s(0).
-15
Let z(x) = x**3 - 17*x**2 - 16*x - 39. Let j be z(18). Let r(f) = -f**3. Let b(k) = -6*k**3 - 2*k**2 - k - 1. Let o(i) = b(i) - 5*r(i). What is o(j)?
11
Suppose u = -2*u - 9. Let j = u - 2. Let t(o) = o**3 + 6*o**2 + 5*o + 7. Determine t(j).
7
Let v(h) = -15*h**2 - 2*h - 1. Suppose 5*q + 4*d = 113 - 8, 0 = 4*q + 5*d - 93. Suppose -2*t + 0*t - 8 = 0, -4*t - q = w. Give v(w).
-14
Let s(g) = 7*g**3 - 3*g**2 + 1. Let o(t) = 2*t**3 - t**2 + 1. Let r(l) = 3*o(l) - s(l). Determine r(2).
-6
Let y(l) = -8*l**3 + 21*l**2 + 8*l + 7. Let g(t) = -7*t**3 + 18*t**2 + 7*t + 6. Let w(q) = 7*g(q) - 6*y(q). Suppose 2*z - 2 = z. Calculate w(z).
-6
Let a(m) = m**2 - 8*m - 5. Let s be a(9). Let b(j) = 3*j**2 - 5*j + 7. Let v(l) = 4*l**2 - 5*l + 8. Let g(p) = 3*b(p) - 2*v(p). Determine g(s).
1
Suppose 8 = 2*p - 3*c, 2*p + 2*c + 2*c = -20. Let h(s) = -7*s**2 - 3*s - 1. Give h(p).
-23
Suppose 2*m = -2*m. Suppose -t + m = 1. Let u(o) = -2*o**2 - o**2 + 4 - 3 - 6*o**2. Determine u(t).
-8
Let h = -1 - -1. Suppose h*r = -2*r. Let y(d) = 4*d**2 + 0*d - 3*d**2 + 3 + 6*d + r*d**2. Calculate y(-2).
-5
Let i(t) = -t + 20. Let u = -22 + 36. Let k be i(u). Let q(b) = b**2 - 5*b + 2. Calculate q(k).
8
Let b(c) = -c - 1. Suppose 4*n - 146 = -42. Let g(z) = -5*z - 1. Let f(r) = r. Let j(m) = n*f(m) + 6*g(m). Let i(h) = -5*b(h) + j(h). What is i(-5)?
-6
Let l(g) = -g**2 - 3*g + 2. Let o be ((-6)/5)/((-2)/10). Suppose 2*d - 32 = -2*d. Let a = d - o. What is l(a)?
-8
Suppose 4 = x + 3. Let z(w) be the first derivative of -5*w**2 - w - 2. What is z(x)?
-11
Let m(l) be the first derivative of -l**2/2 + 4*l - 4. Give m(-5).
9
Let r(m) = m + 6. Let c be 2/11 + (-72)/33. Let n be c - (4 + -1)/(-3). Let l be -2 + 1 - n/1. Calculate r(l).
6
Let o(k) = 2*k**2 + k + 1. Let v be (1/(-6) - 55/30) + 1. Give o(v).
2
Let q(i) = 6 - i + 17*i + i**2 - 13*i. What is q(-5)?
16
Let v(a) = -9*a**2 - 2*a - 1. Let d(p) = p**2. Let l(q) = -4*d(q) - v(q). Let k = 37 - 127. Let h be 3/5 - (-144)/k. Give l(h).
4
Let w(q) = 7*q + 1. Let j be w(0). Let t(v) = 21*v. What is t(j)?
21
Let o = 202 + -130. Suppose 0 = 4*t - 6*t + o. Suppose 0 = -b - 4*j + j - 17, 4*b + t = -4*j. Let v(y) = y**2 + 2*y - 5. Determine v(b).
10
Let n = -18 + 20. Let o(w) be the first derivative of -7/2*w**2 - n + 0*w. Give o(-1).
7
Let c = 14 + -10. Suppose 0 = 2*w + c - 8. Let b(x) = -x**3 + x**2 - 2*x + 2. Determine b(w).
-6
Let d(w) be the first derivative of -w**3/3 - w**2 + 7*w - 7. Give d(-5).
-8
Let a(l) = -l**3 + l**2 + l - 1. Let o(x) = -3*x**2 + x - 3. Let w(m) = a(m) + o(m). Let g be w(-3). Let t(c) = 3*c - c + 3*c**2 - 3*c. Give t(g).
4
Suppose 0 = 2*n + 10, 8*n - 3*n + 1 = -4*a. Let z(y) = -a*y - 1 + 1. Let q be (-2 + 2 + -1)/1. What is z(q)?
6
Let j = -5 - -7. Suppose j*w = -2*w + 40. Suppose -4*r - w = t, t - 3*r = 5*t + 1. Let h(k) = k - 1. Determine h(t).
1
Let i be 2 + (-3)/(15/40). Let s(j) = -j**3 - 5*j**2 + 6*j - 7. Determine s(i).
-7
Suppose 0 = -2*x + 3*r + 7, x + 2*r + r = -1. Let c(i) = i**2 - i + 1. Let k(b) = 4*b**2 - 9*b + 6. Let l(g) = -3*c(g) + k(g). Determine l(x).
-5
Suppose -3*i - 9 + 36 = 0. Let h = 5 - i. Let p(s) = -s**2 + 5*s + 6. Let g(c) = 2*c**2 - 5*c - 6. Let b(x) = 2*g(x) + 3*p(x). What is b(h)?
2
Let o(k) = -k + 15. Let z be o(12). Let t(f) = f**2 - f + 1. Calculate t(z).
7
Let k(v) be the first derivative of v**3/3 - 5*v**2 + 6*v - 41. Determine k(9).
-3
Let m(g) be the second derivative of g**5/20 + g**4/4 - g**3/6 - 2*g**2 - 12*g. Determine m(-3).
-1
Let g(f) = -f**3 + 2*f**2 - f + 4. Let p = 51 - 48. Give g(p).
-8
Let y(l) be the second derivative of -6*l + 0 - 7/6*l**3 + 1/12*l**4 + 0*l**2. Calculate y(6).
-6
Let v(l) be the third derivative of l**5/60 - 7*l**4/24 + l**3 - 15*l**2. Calculate v(6).
0
Suppose 0*o = 3*o - 7*o. Let r(i) = i**3 + i. Give r(o).
0
Let g(k) be the second derivative of -k**4/12 - 2*k**3/3 + 21*k. Determine g(-6).
-12
Let s(c) = -c**3 + c. Let h be (-1)/(-1*3/6). Let x be h*(21/6 - 3). Give s(x).
0
Let x(u) = -u**3 - 6*u**2 - 6*u - 5. Let h = 6 + -3. Suppose -15 = h*p - 0. What is x(p)?
0
Let f(w) = -w**2 - w + 6. Let l = -139 + 133. Determine f(l).
-24
Let d(c) = 8*c**3 + 13*c**2 - 14*c - 3. Let g(n) = 7*n**3 + 12*n**2 - 13*n - 4. Let u(p) = -6*d(p) + 7*g(p). Determine u(-7).
-10
Let t(d) = d**3